{"id":97,"date":"2018-05-18T09:51:07","date_gmt":"2018-05-18T09:51:07","guid":{"rendered":"http:\/\/www.bibliogonzalokorreas.com\/proyectoeuropa\/?page_id=97"},"modified":"2018-06-18T11:42:31","modified_gmt":"2018-06-18T11:42:31","slug":"belgica","status":"publish","type":"page","link":"https:\/\/iesmgkorreas.com\/proyectoeuropa2024\/index.php\/belgica\/","title":{"rendered":"B\u00e9lgica"},"content":{"rendered":"<h1><strong>Realizada por alumnos de ESO 2\u00ba A<br \/>\n<\/strong><\/h1>\n<p><span style=\"color: #800080;\">Profesora: Alba<br \/>\n<\/span><\/p>\n<p><span style=\"color: #800080;\">Materia: Ingles<\/span><\/p>\n<p>&nbsp;<\/p>\n<div style=\"position: relative; height: 0px; padding-bottom: 56.25%;\"><iframe loading=\"lazy\" style=\"position: absolute; width: 100%; height: 100%; left: 0px;\" src=\"https:\/\/www.youtube.com\/embed\/d-kUPLsJmi8?ecver=2\" width=\"640\" height=\"360\" frameborder=\"0\" allowfullscreen=\"allowfullscreen\"><\/iframe><\/div>\n<p>&nbsp;<\/p>\n<hr \/>\n<p><span style=\"color: #800080;\">Profesora: M\u00edriam y Olga<\/span><\/p>\n<p><span style=\"color: #800080;\">Materia: M\u00fasica<\/span><\/p>\n<div data-carousel-extra='{\"blog_id\":1,\"permalink\":\"https:\\\/\\\/iesmgkorreas.com\\\/proyectoeuropa2024\\\/index.php\\\/belgica\\\/\"}' class=\"tiled-gallery type-circle\" data-original-width=\"525\"><div class=\"tiled-gallery-item\"><a border=\"0\" href=\"https:\/\/iesmgkorreas.com\/proyectoeuropa2024\/index.php\/belgica\/img-20180522-wa0002\/\"><img decoding=\"async\" data-attachment-id=\"327\" data-orig-file=\"https:\/\/iesmgkorreas.com\/proyectoeuropa2024\/wp-content\/uploads\/2018\/05\/IMG-20180522-WA0002.jpg\" data-orig-size=\"1600,1200\" data-comments-opened=\"1\" data-image-meta=\"{&quot;aperture&quot;:&quot;0&quot;,&quot;credit&quot;:&quot;&quot;,&quot;camera&quot;:&quot;&quot;,&quot;caption&quot;:&quot;&quot;,&quot;created_timestamp&quot;:&quot;0&quot;,&quot;copyright&quot;:&quot;&quot;,&quot;focal_length&quot;:&quot;0&quot;,&quot;iso&quot;:&quot;0&quot;,&quot;shutter_speed&quot;:&quot;0&quot;,&quot;title&quot;:&quot;&quot;,&quot;orientation&quot;:&quot;0&quot;}\" data-image-title=\"IMG-20180522-WA0002\" data-image-description=\"\" data-medium-file=\"https:\/\/iesmgkorreas.com\/proyectoeuropa2024\/wp-content\/uploads\/2018\/05\/IMG-20180522-WA0002-300x225.jpg\" data-large-file=\"https:\/\/iesmgkorreas.com\/proyectoeuropa2024\/wp-content\/uploads\/2018\/05\/IMG-20180522-WA0002-1024x768.jpg\" style=\"margin: 2px\" src=\"https:\/\/iesmgkorreas.com\/proyectoeuropa2024\/wp-content\/uploads\/2018\/05\/IMG-20180522-WA0002-519x519.jpg\" width=519 height=519 title=\"IMG-20180522-WA0002\" \/><\/a><\/div><div class=\"tiled-gallery-item\"><a border=\"0\" href=\"https:\/\/iesmgkorreas.com\/proyectoeuropa2024\/index.php\/belgica\/img-20180522-wa0010\/\"><img decoding=\"async\" data-attachment-id=\"334\" data-orig-file=\"https:\/\/iesmgkorreas.com\/proyectoeuropa2024\/wp-content\/uploads\/2018\/05\/IMG-20180522-WA0010.jpg\" data-orig-size=\"1600,1200\" data-comments-opened=\"1\" data-image-meta=\"{&quot;aperture&quot;:&quot;0&quot;,&quot;credit&quot;:&quot;&quot;,&quot;camera&quot;:&quot;&quot;,&quot;caption&quot;:&quot;&quot;,&quot;created_timestamp&quot;:&quot;0&quot;,&quot;copyright&quot;:&quot;&quot;,&quot;focal_length&quot;:&quot;0&quot;,&quot;iso&quot;:&quot;0&quot;,&quot;shutter_speed&quot;:&quot;0&quot;,&quot;title&quot;:&quot;&quot;,&quot;orientation&quot;:&quot;0&quot;}\" data-image-title=\"IMG-20180522-WA0010\" data-image-description=\"\" data-medium-file=\"https:\/\/iesmgkorreas.com\/proyectoeuropa2024\/wp-content\/uploads\/2018\/05\/IMG-20180522-WA0010-300x225.jpg\" data-large-file=\"https:\/\/iesmgkorreas.com\/proyectoeuropa2024\/wp-content\/uploads\/2018\/05\/IMG-20180522-WA0010-1024x768.jpg\" style=\"margin: 2px\" src=\"https:\/\/iesmgkorreas.com\/proyectoeuropa2024\/wp-content\/uploads\/2018\/05\/IMG-20180522-WA0010-171x171.jpg\" width=171 height=171 title=\"IMG-20180522-WA0010\" \/><\/a><\/div><div class=\"tiled-gallery-item\"><a border=\"0\" href=\"https:\/\/iesmgkorreas.com\/proyectoeuropa2024\/index.php\/belgica\/img-20180522-wa0009\/\"><img decoding=\"async\" data-attachment-id=\"333\" data-orig-file=\"https:\/\/iesmgkorreas.com\/proyectoeuropa2024\/wp-content\/uploads\/2018\/05\/IMG-20180522-WA0009.jpg\" data-orig-size=\"1600,1200\" data-comments-opened=\"1\" data-image-meta=\"{&quot;aperture&quot;:&quot;0&quot;,&quot;credit&quot;:&quot;&quot;,&quot;camera&quot;:&quot;&quot;,&quot;caption&quot;:&quot;&quot;,&quot;created_timestamp&quot;:&quot;0&quot;,&quot;copyright&quot;:&quot;&quot;,&quot;focal_length&quot;:&quot;0&quot;,&quot;iso&quot;:&quot;0&quot;,&quot;shutter_speed&quot;:&quot;0&quot;,&quot;title&quot;:&quot;&quot;,&quot;orientation&quot;:&quot;0&quot;}\" data-image-title=\"IMG-20180522-WA0009\" data-image-description=\"\" data-medium-file=\"https:\/\/iesmgkorreas.com\/proyectoeuropa2024\/wp-content\/uploads\/2018\/05\/IMG-20180522-WA0009-300x225.jpg\" data-large-file=\"https:\/\/iesmgkorreas.com\/proyectoeuropa2024\/wp-content\/uploads\/2018\/05\/IMG-20180522-WA0009-1024x768.jpg\" style=\"margin: 2px\" src=\"https:\/\/iesmgkorreas.com\/proyectoeuropa2024\/wp-content\/uploads\/2018\/05\/IMG-20180522-WA0009-171x171.jpg\" width=171 height=171 title=\"IMG-20180522-WA0009\" \/><\/a><\/div><div class=\"tiled-gallery-item\"><a border=\"0\" href=\"https:\/\/iesmgkorreas.com\/proyectoeuropa2024\/index.php\/belgica\/img-20180522-wa0007\/\"><img decoding=\"async\" data-attachment-id=\"331\" data-orig-file=\"https:\/\/iesmgkorreas.com\/proyectoeuropa2024\/wp-content\/uploads\/2018\/05\/IMG-20180522-WA0007.jpg\" data-orig-size=\"1600,1200\" data-comments-opened=\"1\" data-image-meta=\"{&quot;aperture&quot;:&quot;0&quot;,&quot;credit&quot;:&quot;&quot;,&quot;camera&quot;:&quot;&quot;,&quot;caption&quot;:&quot;&quot;,&quot;created_timestamp&quot;:&quot;0&quot;,&quot;copyright&quot;:&quot;&quot;,&quot;focal_length&quot;:&quot;0&quot;,&quot;iso&quot;:&quot;0&quot;,&quot;shutter_speed&quot;:&quot;0&quot;,&quot;title&quot;:&quot;&quot;,&quot;orientation&quot;:&quot;0&quot;}\" data-image-title=\"IMG-20180522-WA0007\" data-image-description=\"\" data-medium-file=\"https:\/\/iesmgkorreas.com\/proyectoeuropa2024\/wp-content\/uploads\/2018\/05\/IMG-20180522-WA0007-300x225.jpg\" data-large-file=\"https:\/\/iesmgkorreas.com\/proyectoeuropa2024\/wp-content\/uploads\/2018\/05\/IMG-20180522-WA0007-1024x768.jpg\" style=\"margin: 2px\" src=\"https:\/\/iesmgkorreas.com\/proyectoeuropa2024\/wp-content\/uploads\/2018\/05\/IMG-20180522-WA0007-171x171.jpg\" width=171 height=171 title=\"IMG-20180522-WA0007\" \/><\/a><\/div><\/div>\n<hr \/>\n<p><span style=\"color: #800080;\">Profesor:<\/span><\/p>\n<p><span style=\"color: #800080;\">MATERIA: Geograf\u00eda e Historia.<\/span><\/p>\n<p align=\"justify\"><span style=\"font-family: Arial, serif;\"><span style=\"font-size: large;\">Los trabajos realizados han sido:<\/span><\/span><\/p>\n<p align=\"justify\"><span style=\"font-family: Arial, serif;\"><span style=\"font-size: large;\">-La bandera de B\u00e9lgica.<\/span><\/span><\/p>\n<p align=\"justify\"><span style=\"font-family: Arial, serif;\"><span style=\"font-size: large;\">-B\u00e9lgica y la Uni\u00f3n Europea (presidente, monarqu\u00edas e instituciones).<\/span><\/span><\/p>\n<p align=\"justify\"><span style=\"font-family: Arial, serif;\"><span style=\"font-size: large;\">&#8211; Personajes belgas: reyes, cient\u00edficos, pintores, bi\u00f3logos, t\u00e9cnicos.<\/span><\/span><\/p>\n<p align=\"justify\"><span style=\"font-family: Arial, serif;\"><span style=\"font-size: large;\">-Historia de B\u00e9lgica: catedrales y monumentos, datos importantes sobre B\u00e9lgica.<\/span><\/span><\/p>\n<p align=\"justify\"><span style=\"font-family: Arial, serif;\"><span style=\"font-size: large;\">&#8211; B\u00e9lgica: capital, extensi\u00f3n, poblaci\u00f3n, idioma, moneda, religi\u00f3n, cultura.<\/span><\/span><\/p>\n<hr \/>\n<p><span style=\"color: #800080;\">Profesor: Emilio<br \/>\n<\/span><\/p>\n<p><span style=\"color: #800080;\">Materia: Matem\u00e1ticas<\/span><\/p>\n<p>a) Construye una maqueta en 3D del Atomium de Bruselas con Geogebra y calcula su escala.<\/p>\n<p>b) Busca informaci\u00f3n sobre la masa del Atomium original y calcula la masa de la maqueta construido dividiendo la masa real entre la escala elevada al cubo<img loading=\"lazy\" decoding=\"async\" src=\"data:image\/png;base64,iVBORw0KGgoAAAANSUhEUgAAABUAAAAUCAIAAADtKeFkAAABsUlEQVR4nGP5\/\/8\/AwWAhRLNxOr\/cqggYQm3gcS7szflK2eXm\/ExkqafWdy9qsvDSODjFj+jnlPZq1x4SdPPqe5pBKT+fn31VVhDjA2P+3\/cWdmcn9O223jjyx1+ggjx\/18uzm3tX31UPn++Ojse\/RwqgVFmtR03zRS5UMQZefRT2hfE35ngENFhcKRehx2HfgaG7w9OP2ZVNpZBsuXP8+Mn\/5lYS7OyCEhxf7n5+S9u+xl+PT13+5d0mBKy9f+\/XVvYufmgMvfnO1e0G9qNufDo\/\/7g1GMWFZD1v+7MCLSsfBc5bVlPZPKsWejuxK7\/17Pzt3\/KBCtx\/f98ef0e7qr9KwsMeBixa8Wm\/wfIemUT4TvTM9r+ls0vwa8ZQz\/Q+ls\/RPQOpTlMOON\/YAYfAc0Y+oHWP\/z3koMlutZhX2XH9lbbMHEmEvT\/fn7h1k+Z3NlNkSqHtjR4dyy7F1iowkq8\/u8PTz1iUraQ52AUsCtKlDLtn34xo9eEk1j9v19cuPld0lOVF+htTv2MfP3+6vQSo9X90UpsROlnVSu7+rcMxlEtvvCvGK\/bMdxPBqBUPwDgIaTsrf0WWgAAAABJRU5ErkJggg==\" width=\"21\" height=\"20\" name=\"Objeto1\" hspace=\"8\" \/>.<\/p>\n<p>c) Busca informaci\u00f3n sobre la importancia de realizar una maqueta que respete la masa proporcionalmente a la hora de realizar test de resistencia.<\/p>\n<p><img loading=\"lazy\" decoding=\"async\" class=\"alignnone size-large wp-image-385\" src=\"http:\/\/www.bibliogonzalokorreas.com\/proyectoeuropa\/wp-content\/uploads\/2018\/05\/atomium-1024x685.png\" alt=\"\" width=\"525\" height=\"351\" srcset=\"https:\/\/iesmgkorreas.com\/proyectoeuropa2024\/wp-content\/uploads\/2018\/05\/atomium-1024x685.png 1024w, https:\/\/iesmgkorreas.com\/proyectoeuropa2024\/wp-content\/uploads\/2018\/05\/atomium-300x201.png 300w, https:\/\/iesmgkorreas.com\/proyectoeuropa2024\/wp-content\/uploads\/2018\/05\/atomium-768x514.png 768w\" sizes=\"(max-width: 525px) 100vw, 525px\" \/><\/p>\n<p><img loading=\"lazy\" decoding=\"async\" class=\"alignnone size-large wp-image-373\" src=\"http:\/\/www.bibliogonzalokorreas.com\/proyectoeuropa\/wp-content\/uploads\/2018\/05\/Atomium2-1024x768.png\" alt=\"\" width=\"525\" height=\"394\" srcset=\"https:\/\/iesmgkorreas.com\/proyectoeuropa2024\/wp-content\/uploads\/2018\/05\/Atomium2.png 1024w, https:\/\/iesmgkorreas.com\/proyectoeuropa2024\/wp-content\/uploads\/2018\/05\/Atomium2-300x225.png 300w, https:\/\/iesmgkorreas.com\/proyectoeuropa2024\/wp-content\/uploads\/2018\/05\/Atomium2-768x576.png 768w\" sizes=\"(max-width: 525px) 100vw, 525px\" \/><\/p>\n<hr \/>\n<p align=\"left\"><span style=\"color: #800080;\">Profesora:\u00a0 Rebeca<\/span><\/p>\n<p align=\"left\"><span style=\"color: #800080;\">Materia: Religi\u00f3n<\/span><\/p>\n<p align=\"left\">\u00a0<span style=\"color: #800080;\">Actividad<\/span>: Hemos trabajado las caracter\u00edsticas de la religi\u00f3n mayoritaria de B\u00e9lgica (Catolicismo 75%). Se han realizado por parejas de alumno\/as b\u00fasquedas en Internet sobre los ritos, celebraciones, libros sagrados, moral, representante, santos, templos m\u00e1s importantes del pa\u00eds, por ejemplo la Catedral de Amberes, Cardenal de San Bav\u00f3n, Padre Dami\u00e1n, Papa Francisco, Navidad, Jozef de Kesel, Golfried Dannieels, etc. Colocados todos ellos en un mural dibujado por ellos mismos con la forma de un templo sagrado del cristianismo cat\u00f3lico.<\/p>\n<div data-carousel-extra='{\"blog_id\":1,\"permalink\":\"https:\\\/\\\/iesmgkorreas.com\\\/proyectoeuropa2024\\\/index.php\\\/belgica\\\/\"}' class=\"tiled-gallery type-rectangular\" data-original-width=\"525\"><div class=\"gallery-row\" style=\"width: 520px; height: 192px;\"><div class=\"gallery-group images-1\" style=\"width: 260px; height: 196px;\"><div class=\"tiled-gallery-item tiled-gallery-item-large\"><a href=\"https:\/\/iesmgkorreas.com\/proyectoeuropa2024\/index.php\/belgica\/img_5148\/\"><img loading=\"lazy\" decoding=\"async\" data-attachment-id=\"473\" data-orig-file=\"https:\/\/iesmgkorreas.com\/proyectoeuropa2024\/wp-content\/uploads\/2018\/05\/IMG_5148.jpg\" data-orig-size=\"1024,768\" data-comments-opened=\"1\" data-image-meta=\"{&quot;aperture&quot;:&quot;1.8&quot;,&quot;credit&quot;:&quot;&quot;,&quot;camera&quot;:&quot;iPhone 7&quot;,&quot;caption&quot;:&quot;&quot;,&quot;created_timestamp&quot;:&quot;1526651585&quot;,&quot;copyright&quot;:&quot;&quot;,&quot;focal_length&quot;:&quot;3.99&quot;,&quot;iso&quot;:&quot;40&quot;,&quot;shutter_speed&quot;:&quot;0.058823529411765&quot;,&quot;title&quot;:&quot;&quot;,&quot;orientation&quot;:&quot;1&quot;}\" data-image-title=\"IMG_5148\" data-image-description=\"\" data-medium-file=\"https:\/\/iesmgkorreas.com\/proyectoeuropa2024\/wp-content\/uploads\/2018\/05\/IMG_5148-300x225.jpg\" data-large-file=\"https:\/\/iesmgkorreas.com\/proyectoeuropa2024\/wp-content\/uploads\/2018\/05\/IMG_5148-1024x768.jpg\" src=\"https:\/\/iesmgkorreas.com\/proyectoeuropa2024\/wp-content\/uploads\/2018\/05\/IMG_5148-256x192.jpg\" width=\"256\" height=\"192\" align=\"left\" title=\"IMG_5148\" \/><\/a><\/div><\/div><div class=\"gallery-group images-1\" style=\"width: 260px; height: 196px;\"><div class=\"tiled-gallery-item tiled-gallery-item-large\"><a href=\"https:\/\/iesmgkorreas.com\/proyectoeuropa2024\/index.php\/belgica\/img_5149\/\"><img loading=\"lazy\" decoding=\"async\" data-attachment-id=\"474\" data-orig-file=\"https:\/\/iesmgkorreas.com\/proyectoeuropa2024\/wp-content\/uploads\/2018\/05\/IMG_5149.jpg\" data-orig-size=\"1024,768\" data-comments-opened=\"1\" data-image-meta=\"{&quot;aperture&quot;:&quot;1.8&quot;,&quot;credit&quot;:&quot;&quot;,&quot;camera&quot;:&quot;iPhone 7&quot;,&quot;caption&quot;:&quot;&quot;,&quot;created_timestamp&quot;:&quot;1526651607&quot;,&quot;copyright&quot;:&quot;&quot;,&quot;focal_length&quot;:&quot;3.99&quot;,&quot;iso&quot;:&quot;40&quot;,&quot;shutter_speed&quot;:&quot;0.03030303030303&quot;,&quot;title&quot;:&quot;&quot;,&quot;orientation&quot;:&quot;1&quot;}\" data-image-title=\"IMG_5149\" data-image-description=\"\" data-medium-file=\"https:\/\/iesmgkorreas.com\/proyectoeuropa2024\/wp-content\/uploads\/2018\/05\/IMG_5149-300x225.jpg\" data-large-file=\"https:\/\/iesmgkorreas.com\/proyectoeuropa2024\/wp-content\/uploads\/2018\/05\/IMG_5149-1024x768.jpg\" src=\"https:\/\/iesmgkorreas.com\/proyectoeuropa2024\/wp-content\/uploads\/2018\/05\/IMG_5149-256x192.jpg\" width=\"256\" height=\"192\" align=\"left\" title=\"IMG_5149\" \/><\/a><\/div><\/div><\/div><\/div>\n<hr \/>\n<p align=\"left\"><span style=\"color: #800080;\">Profesora:\u00a0 <\/span><\/p>\n<p align=\"left\"><span style=\"color: #800080;\">Materia: M\u00fasica<\/span><\/p>\n<p align=\"left\"><span style=\"color: #800080;\">\u00a0Actividad:<\/span><\/p>\n<figure id=\"attachment_268\" aria-describedby=\"caption-attachment-268\" style=\"width: 160px\" class=\"wp-caption aligncenter\"><a href=\"https:\/\/iesmgkorreas.com\/proyectoeuropa20242024\/wp-content\/uploads\/2018\/06\/B\u00c9LGICA.pdf\" target=\"_blank\" rel=\"noopener\"><img loading=\"lazy\" decoding=\"async\" class=\"wp-image-268 size-full\" src=\"https:\/\/iesmgkorreas.com\/proyectoeuropa20242024\/wp-content\/uploads\/2018\/05\/imgpdf.jpg\" alt=\"\" width=\"160\" height=\"150\" \/><\/a><figcaption id=\"caption-attachment-268\" class=\"wp-caption-text\">B\u00e9lgica<\/figcaption><\/figure>\n<hr \/>\n<p align=\"left\">\n","protected":false},"excerpt":{"rendered":"<p>Realizada por alumnos de ESO 2\u00ba A Profesora: Alba Materia: Ingles &nbsp; &nbsp; Profesora: M\u00edriam y Olga Materia: M\u00fasica Profesor: MATERIA: Geograf\u00eda e Historia. Los trabajos realizados han sido: -La bandera de B\u00e9lgica. -B\u00e9lgica y la Uni\u00f3n Europea (presidente, monarqu\u00edas e instituciones). &#8211; Personajes belgas: reyes, cient\u00edficos, pintores, bi\u00f3logos, t\u00e9cnicos. -Historia de B\u00e9lgica: catedrales y &hellip; <\/p>\n<p class=\"link-more\"><a href=\"https:\/\/iesmgkorreas.com\/proyectoeuropa2024\/index.php\/belgica\/\" class=\"more-link\">Continuar leyendo<span class=\"screen-reader-text\"> \u00abB\u00e9lgica\u00bb<\/span><\/a><\/p>\n","protected":false},"author":1,"featured_media":81,"parent":0,"menu_order":0,"comment_status":"closed","ping_status":"closed","template":"","meta":{"footnotes":""},"_links":{"self":[{"href":"https:\/\/iesmgkorreas.com\/proyectoeuropa2024\/index.php\/wp-json\/wp\/v2\/pages\/97"}],"collection":[{"href":"https:\/\/iesmgkorreas.com\/proyectoeuropa2024\/index.php\/wp-json\/wp\/v2\/pages"}],"about":[{"href":"https:\/\/iesmgkorreas.com\/proyectoeuropa2024\/index.php\/wp-json\/wp\/v2\/types\/page"}],"author":[{"embeddable":true,"href":"https:\/\/iesmgkorreas.com\/proyectoeuropa2024\/index.php\/wp-json\/wp\/v2\/users\/1"}],"replies":[{"embeddable":true,"href":"https:\/\/iesmgkorreas.com\/proyectoeuropa2024\/index.php\/wp-json\/wp\/v2\/comments?post=97"}],"version-history":[{"count":17,"href":"https:\/\/iesmgkorreas.com\/proyectoeuropa2024\/index.php\/wp-json\/wp\/v2\/pages\/97\/revisions"}],"predecessor-version":[{"id":780,"href":"https:\/\/iesmgkorreas.com\/proyectoeuropa2024\/index.php\/wp-json\/wp\/v2\/pages\/97\/revisions\/780"}],"wp:featuredmedia":[{"embeddable":true,"href":"https:\/\/iesmgkorreas.com\/proyectoeuropa2024\/index.php\/wp-json\/wp\/v2\/media\/81"}],"wp:attachment":[{"href":"https:\/\/iesmgkorreas.com\/proyectoeuropa2024\/index.php\/wp-json\/wp\/v2\/media?parent=97"}],"curies":[{"name":"wp","href":"https:\/\/api.w.org\/{rel}","templated":true}]}}