{"id":69,"date":"2018-05-16T12:49:04","date_gmt":"2018-05-16T12:49:04","guid":{"rendered":"http:\/\/www.bibliogonzalokorreas.com\/proyectoeuropa\/?page_id=69"},"modified":"2018-06-19T09:59:14","modified_gmt":"2018-06-19T09:59:14","slug":"rumania","status":"publish","type":"page","link":"https:\/\/iesmgkorreas.com\/proyectoeuropa2024\/index.php\/rumania\/","title":{"rendered":"Ruman\u00eda"},"content":{"rendered":"<h1><strong>Realizada por alumnos de ESO 4\u00ba C<br \/>\n<\/strong><\/h1>\n<p><span style=\"color: #800080;\">Profesora: Olga<\/span><\/p>\n<p><span style=\"color: #800080;\">Materia: M\u00fasica<\/span><\/p>\n<p><span style=\"color: #800080;\">Actividad:<\/span> Bailes t\u00edpicos del pa\u00eds (powerpoint) y grabaci\u00f3n de una<br \/>\ninterpretaci\u00f3n del Alunelul. (AED)<\/p>\n<p><iframe loading=\"lazy\" src=\"https:\/\/www.youtube.com\/embed\/gca-qH9Ky7M\" width=\"560\" height=\"315\" frameborder=\"0\" allowfullscreen=\"allowfullscreen\"><\/iframe><\/p>\n<p>&nbsp;<\/p>\n<hr \/>\n<p><span style=\"color: #800080;\">Profesora: M\u00aa del Valle<\/span><\/p>\n<p><span style=\"color: #800080;\">Materia: F\u00edsica y Qu\u00edmica<\/span><\/p>\n<p><span style=\"color: #800080;\">Actividad:<\/span>\u00a0 Hemos trabajado el K\u00e9fir, que es una leche fermentada t\u00edpica del pa\u00eds y a a partir de ese producto hemos estudiado la reacciones qu\u00edmicas.<\/p>\n<div data-carousel-extra='{\"blog_id\":1,\"permalink\":\"https:\\\/\\\/iesmgkorreas.com\\\/proyectoeuropa2024\\\/index.php\\\/rumania\\\/\"}' class=\"tiled-gallery type-square\" data-original-width=\"525\"><div class=\"tiled-gallery-item\"><a border=\"0\" href=\"https:\/\/iesmgkorreas.com\/proyectoeuropa2024\/index.php\/rumania\/copia-de-img_20180517_092551_041\/\"><img decoding=\"async\" data-attachment-id=\"807\" data-orig-file=\"https:\/\/iesmgkorreas.com\/proyectoeuropa2024\/wp-content\/uploads\/2018\/06\/Copia-de-IMG_20180517_092551_041.jpg\" data-orig-size=\"1024,768\" data-comments-opened=\"1\" data-image-meta=\"{&quot;aperture&quot;:&quot;2.2&quot;,&quot;credit&quot;:&quot;&quot;,&quot;camera&quot;:&quot;Aquaris U&quot;,&quot;caption&quot;:&quot;&quot;,&quot;created_timestamp&quot;:&quot;1526549151&quot;,&quot;copyright&quot;:&quot;&quot;,&quot;focal_length&quot;:&quot;3.4&quot;,&quot;iso&quot;:&quot;337&quot;,&quot;shutter_speed&quot;:&quot;0.03030303030303&quot;,&quot;title&quot;:&quot;&quot;,&quot;orientation&quot;:&quot;0&quot;}\" data-image-title=\"Copia de IMG_20180517_092551_041\" data-image-description=\"\" data-medium-file=\"https:\/\/iesmgkorreas.com\/proyectoeuropa2024\/wp-content\/uploads\/2018\/06\/Copia-de-IMG_20180517_092551_041-300x225.jpg\" data-large-file=\"https:\/\/iesmgkorreas.com\/proyectoeuropa2024\/wp-content\/uploads\/2018\/06\/Copia-de-IMG_20180517_092551_041-1024x768.jpg\" style=\"margin: 2px\" src=\"https:\/\/iesmgkorreas.com\/proyectoeuropa2024\/wp-content\/uploads\/2018\/06\/Copia-de-IMG_20180517_092551_041-171x171.jpg\" width=171 height=171 title=\"Copia de IMG_20180517_092551_041\" \/><\/a><\/div><div class=\"tiled-gallery-item\"><a border=\"0\" href=\"https:\/\/iesmgkorreas.com\/proyectoeuropa2024\/index.php\/rumania\/copia-de-img_20180517_092558_449\/\"><img decoding=\"async\" data-attachment-id=\"808\" data-orig-file=\"https:\/\/iesmgkorreas.com\/proyectoeuropa2024\/wp-content\/uploads\/2018\/06\/Copia-de-IMG_20180517_092558_449.jpg\" data-orig-size=\"1024,768\" data-comments-opened=\"1\" data-image-meta=\"{&quot;aperture&quot;:&quot;2.2&quot;,&quot;credit&quot;:&quot;&quot;,&quot;camera&quot;:&quot;Aquaris U&quot;,&quot;caption&quot;:&quot;&quot;,&quot;created_timestamp&quot;:&quot;1526549158&quot;,&quot;copyright&quot;:&quot;&quot;,&quot;focal_length&quot;:&quot;3.4&quot;,&quot;iso&quot;:&quot;368&quot;,&quot;shutter_speed&quot;:&quot;0.03030303030303&quot;,&quot;title&quot;:&quot;&quot;,&quot;orientation&quot;:&quot;0&quot;}\" data-image-title=\"Copia de IMG_20180517_092558_449\" data-image-description=\"\" data-medium-file=\"https:\/\/iesmgkorreas.com\/proyectoeuropa2024\/wp-content\/uploads\/2018\/06\/Copia-de-IMG_20180517_092558_449-300x225.jpg\" data-large-file=\"https:\/\/iesmgkorreas.com\/proyectoeuropa2024\/wp-content\/uploads\/2018\/06\/Copia-de-IMG_20180517_092558_449-1024x768.jpg\" style=\"margin: 2px\" src=\"https:\/\/iesmgkorreas.com\/proyectoeuropa2024\/wp-content\/uploads\/2018\/06\/Copia-de-IMG_20180517_092558_449-171x171.jpg\" width=171 height=171 title=\"Copia de IMG_20180517_092558_449\" \/><\/a><\/div><div class=\"tiled-gallery-item\"><a border=\"0\" href=\"https:\/\/iesmgkorreas.com\/proyectoeuropa2024\/index.php\/rumania\/copia-de-img_20180517_092611_495\/\"><img decoding=\"async\" data-attachment-id=\"809\" data-orig-file=\"https:\/\/iesmgkorreas.com\/proyectoeuropa2024\/wp-content\/uploads\/2018\/06\/Copia-de-IMG_20180517_092611_495.jpg\" data-orig-size=\"1024,768\" data-comments-opened=\"1\" data-image-meta=\"{&quot;aperture&quot;:&quot;2.2&quot;,&quot;credit&quot;:&quot;&quot;,&quot;camera&quot;:&quot;Aquaris U&quot;,&quot;caption&quot;:&quot;&quot;,&quot;created_timestamp&quot;:&quot;1526549171&quot;,&quot;copyright&quot;:&quot;&quot;,&quot;focal_length&quot;:&quot;3.4&quot;,&quot;iso&quot;:&quot;243&quot;,&quot;shutter_speed&quot;:&quot;0.03030303030303&quot;,&quot;title&quot;:&quot;&quot;,&quot;orientation&quot;:&quot;0&quot;}\" data-image-title=\"Copia de IMG_20180517_092611_495\" data-image-description=\"\" data-medium-file=\"https:\/\/iesmgkorreas.com\/proyectoeuropa2024\/wp-content\/uploads\/2018\/06\/Copia-de-IMG_20180517_092611_495-300x225.jpg\" data-large-file=\"https:\/\/iesmgkorreas.com\/proyectoeuropa2024\/wp-content\/uploads\/2018\/06\/Copia-de-IMG_20180517_092611_495-1024x768.jpg\" style=\"margin: 2px\" src=\"https:\/\/iesmgkorreas.com\/proyectoeuropa2024\/wp-content\/uploads\/2018\/06\/Copia-de-IMG_20180517_092611_495-171x171.jpg\" width=171 height=171 title=\"Copia de IMG_20180517_092611_495\" \/><\/a><\/div><\/div>\n<hr \/>\n<p>&nbsp;<\/p>\n","protected":false},"excerpt":{"rendered":"<p>Realizada por alumnos de ESO 4\u00ba C Profesora: Olga Materia: M\u00fasica Actividad: Bailes t\u00edpicos del pa\u00eds (powerpoint) y grabaci\u00f3n de una interpretaci\u00f3n del Alunelul. (AED) &nbsp; Profesora: M\u00aa del Valle Materia: F\u00edsica y Qu\u00edmica Actividad:\u00a0 Hemos trabajado el K\u00e9fir, que es una leche fermentada t\u00edpica del pa\u00eds y a a partir de ese producto hemos &hellip; <\/p>\n<p class=\"link-more\"><a href=\"https:\/\/iesmgkorreas.com\/proyectoeuropa2024\/index.php\/rumania\/\" class=\"more-link\">Continuar leyendo<span class=\"screen-reader-text\"> \u00abRuman\u00eda\u00bb<\/span><\/a><\/p>\n","protected":false},"author":1,"featured_media":0,"parent":0,"menu_order":0,"comment_status":"closed","ping_status":"closed","template":"","meta":{"footnotes":""},"_links":{"self":[{"href":"https:\/\/iesmgkorreas.com\/proyectoeuropa2024\/index.php\/wp-json\/wp\/v2\/pages\/69"}],"collection":[{"href":"https:\/\/iesmgkorreas.com\/proyectoeuropa2024\/index.php\/wp-json\/wp\/v2\/pages"}],"about":[{"href":"https:\/\/iesmgkorreas.com\/proyectoeuropa2024\/index.php\/wp-json\/wp\/v2\/types\/page"}],"author":[{"embeddable":true,"href":"https:\/\/iesmgkorreas.com\/proyectoeuropa2024\/index.php\/wp-json\/wp\/v2\/users\/1"}],"replies":[{"embeddable":true,"href":"https:\/\/iesmgkorreas.com\/proyectoeuropa2024\/index.php\/wp-json\/wp\/v2\/comments?post=69"}],"version-history":[{"count":8,"href":"https:\/\/iesmgkorreas.com\/proyectoeuropa2024\/index.php\/wp-json\/wp\/v2\/pages\/69\/revisions"}],"predecessor-version":[{"id":815,"href":"https:\/\/iesmgkorreas.com\/proyectoeuropa2024\/index.php\/wp-json\/wp\/v2\/pages\/69\/revisions\/815"}],"wp:attachment":[{"href":"https:\/\/iesmgkorreas.com\/proyectoeuropa2024\/index.php\/wp-json\/wp\/v2\/media?parent=69"}],"curies":[{"name":"wp","href":"https:\/\/api.w.org\/{rel}","templated":true}]}}

Rumanía

<h1><strong>Realizada por alumnos de ESO 4º C<br />
</strong></h1>
<p><span style="color: #800080;">Profesora: Olga</span></p>
<p><span style="color: #800080;">Materia: Música</span></p>
<p><span style="color: #800080;">Actividad:</span> Bailes típicos del país (powerpoint) y grabación de una<br />
interpretación del Alunelul. (AED)</p>
<p><iframe loading="lazy" src="https://www.youtube.com/embed/gca-qH9Ky7M" width="560" height="315" frameborder="0" allowfullscreen="allowfullscreen"></iframe></p>
<p>&nbsp;</p>
<hr />
<p><span style="color: #800080;">Profesora: Mª del Valle</span></p>
<p><span style="color: #800080;">Materia: Física y Química</span></p>
<p><span style="color: #800080;">Actividad:</span>  Hemos trabajado el Kéfir, que es una leche fermentada típica del país y a a partir de ese producto hemos estudiado la reacciones químicas.</p>
<div data-carousel-extra='{"blog_id":1,"permalink":"https:\/\/iesmgkorreas.com\/proyectoeuropa2024\/index.php\/rumania\/"}' class="tiled-gallery type-square" data-original-width="525"><div class="tiled-gallery-item"><a border="0" href="https://iesmgkorreas.com/proyectoeuropa2024/index.php/rumania/copia-de-img_20180517_092551_041/"><img decoding="async" data-attachment-id="807" data-orig-file="https://iesmgkorreas.com/proyectoeuropa2024/wp-content/uploads/2018/06/Copia-de-IMG_20180517_092551_041.jpg" data-orig-size="1024,768" data-comments-opened="1" data-image-meta="{&quot;aperture&quot;:&quot;2.2&quot;,&quot;credit&quot;:&quot;&quot;,&quot;camera&quot;:&quot;Aquaris U&quot;,&quot;caption&quot;:&quot;&quot;,&quot;created_timestamp&quot;:&quot;1526549151&quot;,&quot;copyright&quot;:&quot;&quot;,&quot;focal_length&quot;:&quot;3.4&quot;,&quot;iso&quot;:&quot;337&quot;,&quot;shutter_speed&quot;:&quot;0.03030303030303&quot;,&quot;title&quot;:&quot;&quot;,&quot;orientation&quot;:&quot;0&quot;}" data-image-title="Copia de IMG_20180517_092551_041" data-image-description="" data-medium-file="https://iesmgkorreas.com/proyectoeuropa2024/wp-content/uploads/2018/06/Copia-de-IMG_20180517_092551_041-300x225.jpg" data-large-file="https://iesmgkorreas.com/proyectoeuropa2024/wp-content/uploads/2018/06/Copia-de-IMG_20180517_092551_041-1024x768.jpg" style="margin: 2px" src="https://iesmgkorreas.com/proyectoeuropa2024/wp-content/uploads/2018/06/Copia-de-IMG_20180517_092551_041-171x171.jpg" width=171 height=171 title="Copia de IMG_20180517_092551_041" /></a></div><div class="tiled-gallery-item"><a border="0" href="https://iesmgkorreas.com/proyectoeuropa2024/index.php/rumania/copia-de-img_20180517_092558_449/"><img decoding="async" data-attachment-id="808" data-orig-file="https://iesmgkorreas.com/proyectoeuropa2024/wp-content/uploads/2018/06/Copia-de-IMG_20180517_092558_449.jpg" data-orig-size="1024,768" data-comments-opened="1" data-image-meta="{&quot;aperture&quot;:&quot;2.2&quot;,&quot;credit&quot;:&quot;&quot;,&quot;camera&quot;:&quot;Aquaris U&quot;,&quot;caption&quot;:&quot;&quot;,&quot;created_timestamp&quot;:&quot;1526549158&quot;,&quot;copyright&quot;:&quot;&quot;,&quot;focal_length&quot;:&quot;3.4&quot;,&quot;iso&quot;:&quot;368&quot;,&quot;shutter_speed&quot;:&quot;0.03030303030303&quot;,&quot;title&quot;:&quot;&quot;,&quot;orientation&quot;:&quot;0&quot;}" data-image-title="Copia de IMG_20180517_092558_449" data-image-description="" data-medium-file="https://iesmgkorreas.com/proyectoeuropa2024/wp-content/uploads/2018/06/Copia-de-IMG_20180517_092558_449-300x225.jpg" data-large-file="https://iesmgkorreas.com/proyectoeuropa2024/wp-content/uploads/2018/06/Copia-de-IMG_20180517_092558_449-1024x768.jpg" style="margin: 2px" src="https://iesmgkorreas.com/proyectoeuropa2024/wp-content/uploads/2018/06/Copia-de-IMG_20180517_092558_449-171x171.jpg" width=171 height=171 title="Copia de IMG_20180517_092558_449" /></a></div><div class="tiled-gallery-item"><a border="0" href="https://iesmgkorreas.com/proyectoeuropa2024/index.php/rumania/copia-de-img_20180517_092611_495/"><img decoding="async" data-attachment-id="809" data-orig-file="https://iesmgkorreas.com/proyectoeuropa2024/wp-content/uploads/2018/06/Copia-de-IMG_20180517_092611_495.jpg" data-orig-size="1024,768" data-comments-opened="1" data-image-meta="{&quot;aperture&quot;:&quot;2.2&quot;,&quot;credit&quot;:&quot;&quot;,&quot;camera&quot;:&quot;Aquaris U&quot;,&quot;caption&quot;:&quot;&quot;,&quot;created_timestamp&quot;:&quot;1526549171&quot;,&quot;copyright&quot;:&quot;&quot;,&quot;focal_length&quot;:&quot;3.4&quot;,&quot;iso&quot;:&quot;243&quot;,&quot;shutter_speed&quot;:&quot;0.03030303030303&quot;,&quot;title&quot;:&quot;&quot;,&quot;orientation&quot;:&quot;0&quot;}" data-image-title="Copia de IMG_20180517_092611_495" data-image-description="" data-medium-file="https://iesmgkorreas.com/proyectoeuropa2024/wp-content/uploads/2018/06/Copia-de-IMG_20180517_092611_495-300x225.jpg" data-large-file="https://iesmgkorreas.com/proyectoeuropa2024/wp-content/uploads/2018/06/Copia-de-IMG_20180517_092611_495-1024x768.jpg" style="margin: 2px" src="https://iesmgkorreas.com/proyectoeuropa2024/wp-content/uploads/2018/06/Copia-de-IMG_20180517_092611_495-171x171.jpg" width=171 height=171 title="Copia de IMG_20180517_092611_495" /></a></div></div>
<hr />
<p>&nbsp;</p>

<p>Realizada por alumnos de ESO 4º C Profesora: Olga Materia: Música Actividad: Bailes típicos del país (powerpoint) y grabación de una interpretación del Alunelul. (AED) &nbsp; Profesora: Mª del Valle Materia: Física y Química Actividad:  Hemos trabajado el Kéfir, que es una leche fermentada típica del país y a a partir de ese producto hemos &hellip; </p>
<p class="link-more"><a href="https://iesmgkorreas.com/proyectoeuropa2024/index.php/rumania/" class="more-link">Continuar leyendo<span class="screen-reader-text"> «Rumanía»</span></a></p>
