{"id":263,"date":"2018-05-21T09:08:34","date_gmt":"2018-05-21T09:08:34","guid":{"rendered":"http:\/\/www.bibliogonzalokorreas.com\/proyectoeuropa\/?page_id=263"},"modified":"2018-06-13T07:14:21","modified_gmt":"2018-06-13T07:14:21","slug":"serbia","status":"publish","type":"page","link":"https:\/\/iesmgkorreas.com\/proyectoeuropa2024\/index.php\/serbia\/","title":{"rendered":"Serbia"},"content":{"rendered":"<h1><strong>Realizada por alumnos de 1\u00ba G.M. ADMIN<br \/>\n<\/strong><\/h1>\n<p><span style=\"color: #800080;\">Profesoras: Diana L\u00f3pez Redondo y M\u00aa Josefa Matilla Su\u00e1rez<\/span><\/p>\n<p><span style=\"color: #800080;\">Materia:<\/span><\/p>\n<p><span style=\"color: #800080;\">Actividad: <\/span><span style=\"font-size: medium;\"><b>TEMAS TRABAJADOS EN CLASE:<\/b><\/span><\/p>\n<ul>\n<li><span style=\"font-size: medium;\">Geograf\u00eda<\/span><\/li>\n<li><span style=\"font-size: medium;\">Ciudades importantes<\/span><\/li>\n<li><span style=\"font-size: medium;\">Distancias de Espa\u00f1a a Serbia<\/span><\/li>\n<li><span style=\"font-size: medium;\">Pa\u00edses lim\u00edtrofes<\/span><\/li>\n<li><span style=\"font-size: medium;\">Pir\u00e1mide de poblaci\u00f3n<\/span><\/li>\n<li><span style=\"font-size: medium;\">Tipo de poblaci\u00f3n: parado, activos, inactivos\u2026.<\/span><\/li>\n<li><span style=\"font-size: medium;\">Literatura: escritores famosos<\/span><\/li>\n<li><span style=\"font-size: medium;\">M\u00fasica: instrumentos tradicionales<\/span><\/li>\n<li><span style=\"font-size: medium;\">Deportistas famosos<\/span><\/li>\n<li><span style=\"font-size: medium;\">Tradiciones<\/span><\/li>\n<\/ul>\n<p><span style=\"font-size: medium;\"><b>ACTIVIDADES REALIZADAS<\/b><\/span><\/p>\n<p align=\"justify\"><span style=\"font-size: medium;\">Se ha desarrollado la actividad <\/span><span style=\"font-size: medium;\"><b>RELACIONES INTERNACIONALES, <\/b><\/span><span style=\"font-size: medium;\">que consiste en visitar todos los pa\u00edses del centro del Cesar Carlos: MACEDONIA, MONTENEGRO, M\u00d3NACO, POLONIA y tambi\u00e9n se visit\u00f3 el pa\u00eds de ALEMANIA que se encontraba en el centro Comarca con los alumnos de Electromec\u00e1nica de veh\u00edculos.<\/span><\/p>\n<p align=\"justify\"><span style=\"font-size: medium;\">Para ello se trabajaron con los aeropuertos de las distintas capitales de los pa\u00edses implicados y sus distancias.<\/span><\/p>\n<p align=\"justify\"><span style=\"font-size: medium;\">Los alumnos de las diferentes clases reciben y presentan su pa\u00eds a las clases visitantes para ello se sirven de una presentaci\u00f3n multimedia y cada alumno explica una parte del trabajo.<\/span><\/p>\n<p align=\"justify\"><span style=\"font-size: medium;\">Al final de la presentaci\u00f3n se ofrece una peque\u00f1a degustaci\u00f3n gastron\u00f3mica representativa de cada pa\u00eds. <\/span><\/p>\n<p style=\"text-align: center;\" align=\"justify\"><span style=\"font-size: medium;\">\u00a0<\/span><\/p>\n<figure id=\"attachment_268\" aria-describedby=\"caption-attachment-268\" style=\"width: 160px\" class=\"wp-caption aligncenter\"><a href=\"http:\/\/www.bibliogonzalokorreas.com\/proyectoeuropa\/wp-content\/uploads\/2018\/06\/Serbia2.pdf\" target=\"_blank\" rel=\"noopener\"><img loading=\"lazy\" decoding=\"async\" class=\"wp-image-268 size-full\" src=\"http:\/\/www.bibliogonzalokorreas.com\/proyectoeuropa\/wp-content\/uploads\/2018\/05\/imgpdf.jpg\" alt=\"\" width=\"160\" height=\"150\" \/><\/a><figcaption id=\"caption-attachment-268\" class=\"wp-caption-text\">Proyecto Europa. Serbia<\/figcaption><\/figure>\n<p style=\"text-align: center;\"><iframe loading=\"lazy\" src=\"https:\/\/www.youtube.com\/embed\/trWOt3PHijY\" width=\"560\" height=\"315\" frameborder=\"0\" allowfullscreen=\"allowfullscreen\"><\/iframe><\/p>\n<p style=\"text-align: center;\">\n<p>&nbsp;<\/p>\n","protected":false},"excerpt":{"rendered":"<p>Realizada por alumnos de 1\u00ba G.M. ADMIN Profesoras: Diana L\u00f3pez Redondo y M\u00aa Josefa Matilla Su\u00e1rez Materia: Actividad: TEMAS TRABAJADOS EN CLASE: Geograf\u00eda Ciudades importantes Distancias de Espa\u00f1a a Serbia Pa\u00edses lim\u00edtrofes Pir\u00e1mide de poblaci\u00f3n Tipo de poblaci\u00f3n: parado, activos, inactivos\u2026. Literatura: escritores famosos M\u00fasica: instrumentos tradicionales Deportistas famosos Tradiciones ACTIVIDADES REALIZADAS Se ha desarrollado &hellip; <\/p>\n<p class=\"link-more\"><a href=\"https:\/\/iesmgkorreas.com\/proyectoeuropa2024\/index.php\/serbia\/\" class=\"more-link\">Continuar leyendo<span class=\"screen-reader-text\"> \u00abSerbia\u00bb<\/span><\/a><\/p>\n","protected":false},"author":1,"featured_media":0,"parent":0,"menu_order":0,"comment_status":"closed","ping_status":"closed","template":"","meta":{"footnotes":""},"_links":{"self":[{"href":"https:\/\/iesmgkorreas.com\/proyectoeuropa2024\/index.php\/wp-json\/wp\/v2\/pages\/263"}],"collection":[{"href":"https:\/\/iesmgkorreas.com\/proyectoeuropa2024\/index.php\/wp-json\/wp\/v2\/pages"}],"about":[{"href":"https:\/\/iesmgkorreas.com\/proyectoeuropa2024\/index.php\/wp-json\/wp\/v2\/types\/page"}],"author":[{"embeddable":true,"href":"https:\/\/iesmgkorreas.com\/proyectoeuropa2024\/index.php\/wp-json\/wp\/v2\/users\/1"}],"replies":[{"embeddable":true,"href":"https:\/\/iesmgkorreas.com\/proyectoeuropa2024\/index.php\/wp-json\/wp\/v2\/comments?post=263"}],"version-history":[{"count":6,"href":"https:\/\/iesmgkorreas.com\/proyectoeuropa2024\/index.php\/wp-json\/wp\/v2\/pages\/263\/revisions"}],"predecessor-version":[{"id":618,"href":"https:\/\/iesmgkorreas.com\/proyectoeuropa2024\/index.php\/wp-json\/wp\/v2\/pages\/263\/revisions\/618"}],"wp:attachment":[{"href":"https:\/\/iesmgkorreas.com\/proyectoeuropa2024\/index.php\/wp-json\/wp\/v2\/media?parent=263"}],"curies":[{"name":"wp","href":"https:\/\/api.w.org\/{rel}","templated":true}]}}

<h1><strong>Realizada por alumnos de 1º G.M. ADMIN<br />
</strong></h1>
<p><span style="color: #800080;">Profesoras: Diana López Redondo y Mª Josefa Matilla Suárez</span></p>
<p><span style="color: #800080;">Materia:</span></p>
<p><span style="color: #800080;">Actividad: </span><span style="font-size: medium;"><b>TEMAS TRABAJADOS EN CLASE:</b></span></p>
<ul>
<li><span style="font-size: medium;">Geografía</span></li>
<li><span style="font-size: medium;">Ciudades importantes</span></li>
<li><span style="font-size: medium;">Distancias de España a Serbia</span></li>
<li><span style="font-size: medium;">Países limítrofes</span></li>
<li><span style="font-size: medium;">Pirámide de población</span></li>
<li><span style="font-size: medium;">Tipo de población: parado, activos, inactivos….</span></li>
<li><span style="font-size: medium;">Literatura: escritores famosos</span></li>
<li><span style="font-size: medium;">Música: instrumentos tradicionales</span></li>
<li><span style="font-size: medium;">Deportistas famosos</span></li>
<li><span style="font-size: medium;">Tradiciones</span></li>
</ul>
<p><span style="font-size: medium;"><b>ACTIVIDADES REALIZADAS</b></span></p>
<p align="justify"><span style="font-size: medium;">Se ha desarrollado la actividad </span><span style="font-size: medium;"><b>RELACIONES INTERNACIONALES, </b></span><span style="font-size: medium;">que consiste en visitar todos los países del centro del Cesar Carlos: MACEDONIA, MONTENEGRO, MÓNACO, POLONIA y también se visitó el país de ALEMANIA que se encontraba en el centro Comarca con los alumnos de Electromecánica de vehículos.</span></p>
<p align="justify"><span style="font-size: medium;">Para ello se trabajaron con los aeropuertos de las distintas capitales de los países implicados y sus distancias.</span></p>
<p align="justify"><span style="font-size: medium;">Los alumnos de las diferentes clases reciben y presentan su país a las clases visitantes para ello se sirven de una presentación multimedia y cada alumno explica una parte del trabajo.</span></p>
<p align="justify"><span style="font-size: medium;">Al final de la presentación se ofrece una pequeña degustación gastronómica representativa de cada país. </span></p>
<p style="text-align: center;" align="justify"><span style="font-size: medium;"> </span></p>
<figure id="attachment_268" aria-describedby="caption-attachment-268" style="width: 160px" class="wp-caption aligncenter"><a href="http://www.bibliogonzalokorreas.com/proyectoeuropa/wp-content/uploads/2018/06/Serbia2.pdf" target="_blank" rel="noopener"><img loading="lazy" decoding="async" class="wp-image-268 size-full" src="http://www.bibliogonzalokorreas.com/proyectoeuropa/wp-content/uploads/2018/05/imgpdf.jpg" alt="" width="160" height="150" /></a><figcaption id="caption-attachment-268" class="wp-caption-text">Proyecto Europa. Serbia</figcaption></figure>
<p style="text-align: center;"><iframe loading="lazy" src="https://www.youtube.com/embed/trWOt3PHijY" width="560" height="315" frameborder="0" allowfullscreen="allowfullscreen"></iframe></p>
<p style="text-align: center;">
<p>&nbsp;</p>

<p>Realizada por alumnos de 1º G.M. ADMIN Profesoras: Diana López Redondo y Mª Josefa Matilla Suárez Materia: Actividad: TEMAS TRABAJADOS EN CLASE: Geografía Ciudades importantes Distancias de España a Serbia Países limítrofes Pirámide de población Tipo de población: parado, activos, inactivos…. Literatura: escritores famosos Música: instrumentos tradicionales Deportistas famosos Tradiciones ACTIVIDADES REALIZADAS Se ha desarrollado &hellip; </p>
<p class="link-more"><a href="https://iesmgkorreas.com/proyectoeuropa2024/index.php/serbia/" class="more-link">Continuar leyendo<span class="screen-reader-text"> «Serbia»</span></a></p>
