{"id":172,"date":"2018-05-18T12:43:00","date_gmt":"2018-05-18T12:43:00","guid":{"rendered":"http:\/\/www.bibliogonzalokorreas.com\/proyectoeuropa\/?page_id=172"},"modified":"2018-05-21T12:38:27","modified_gmt":"2018-05-21T12:38:27","slug":"eslovenia","status":"publish","type":"page","link":"https:\/\/iesmgkorreas.com\/proyectoeuropa2024\/index.php\/eslovenia\/","title":{"rendered":"Eslovenia"},"content":{"rendered":"<h1><strong>Realizada por alumnos de ESO 3\u00ba B<br \/>\n<\/strong><\/h1>\n<p class=\"western\" align=\"left\"><span style=\"color: #800080;\"><i>PROFESORA: LAURA ROMERO HERN\u00c1NDEZ. <\/i><\/span><\/p>\n<p class=\"western\" align=\"left\"><span style=\"color: #800080;\"><i>ASIGNATURA: LENGUA CASTELLANA Y LITERATURA. <\/i><\/span><\/p>\n<p class=\"western\" align=\"left\"><i><span style=\"color: #800080;\">MATERIA: LENGUA Y LITERATURA.<\/span> <\/i><\/p>\n<p class=\"western\" align=\"left\"><i>1. Idioma oficial. <\/i><\/p>\n<p class=\"western\" align=\"left\"><i>2. Caracter\u00edsticas del esloveno. <\/i><\/p>\n<p class=\"western\" align=\"left\"><i>3. Or\u00edgenes y evoluci\u00f3n hist\u00f3rica. <\/i><\/p>\n<p class=\"western\" align=\"left\"><i>4. Literatura eslovena: principales etapas. <\/i><\/p>\n<p class=\"western\" align=\"left\"><i>5. Escritores en lengua eslovena.<\/i><\/p>\n<hr \/>\n<p align=\"left\">\n","protected":false},"excerpt":{"rendered":"<p>Realizada por alumnos de ESO 3\u00ba B PROFESORA: LAURA ROMERO HERN\u00c1NDEZ. ASIGNATURA: LENGUA CASTELLANA Y LITERATURA. MATERIA: LENGUA Y LITERATURA. 1. Idioma oficial. 2. Caracter\u00edsticas del esloveno. 3. Or\u00edgenes y evoluci\u00f3n hist\u00f3rica. 4. Literatura eslovena: principales etapas. 5. Escritores en lengua eslovena.<\/p>\n","protected":false},"author":1,"featured_media":0,"parent":0,"menu_order":0,"comment_status":"closed","ping_status":"closed","template":"","meta":{"footnotes":""},"_links":{"self":[{"href":"https:\/\/iesmgkorreas.com\/proyectoeuropa2024\/index.php\/wp-json\/wp\/v2\/pages\/172"}],"collection":[{"href":"https:\/\/iesmgkorreas.com\/proyectoeuropa2024\/index.php\/wp-json\/wp\/v2\/pages"}],"about":[{"href":"https:\/\/iesmgkorreas.com\/proyectoeuropa2024\/index.php\/wp-json\/wp\/v2\/types\/page"}],"author":[{"embeddable":true,"href":"https:\/\/iesmgkorreas.com\/proyectoeuropa2024\/index.php\/wp-json\/wp\/v2\/users\/1"}],"replies":[{"embeddable":true,"href":"https:\/\/iesmgkorreas.com\/proyectoeuropa2024\/index.php\/wp-json\/wp\/v2\/comments?post=172"}],"version-history":[{"count":2,"href":"https:\/\/iesmgkorreas.com\/proyectoeuropa2024\/index.php\/wp-json\/wp\/v2\/pages\/172\/revisions"}],"predecessor-version":[{"id":316,"href":"https:\/\/iesmgkorreas.com\/proyectoeuropa2024\/index.php\/wp-json\/wp\/v2\/pages\/172\/revisions\/316"}],"wp:attachment":[{"href":"https:\/\/iesmgkorreas.com\/proyectoeuropa2024\/index.php\/wp-json\/wp\/v2\/media?parent=172"}],"curies":[{"name":"wp","href":"https:\/\/api.w.org\/{rel}","templated":true}]}}

<h1><strong>Realizada por alumnos de ESO 3º B<br />
</strong></h1>
<p class="western" align="left"><span style="color: #800080;"><i>PROFESORA: LAURA ROMERO HERNÁNDEZ. </i></span></p>
<p class="western" align="left"><span style="color: #800080;"><i>ASIGNATURA: LENGUA CASTELLANA Y LITERATURA. </i></span></p>
<p class="western" align="left"><i><span style="color: #800080;">MATERIA: LENGUA Y LITERATURA.</span> </i></p>
<p class="western" align="left"><i>1. Idioma oficial. </i></p>
<p class="western" align="left"><i>2. Características del esloveno. </i></p>
<p class="western" align="left"><i>3. Orígenes y evolución histórica. </i></p>
<p class="western" align="left"><i>4. Literatura eslovena: principales etapas. </i></p>
<p class="western" align="left"><i>5. Escritores en lengua eslovena.</i></p>
<hr />
<p align="left">

<p>Realizada por alumnos de ESO 3º B PROFESORA: LAURA ROMERO HERNÁNDEZ. ASIGNATURA: LENGUA CASTELLANA Y LITERATURA. MATERIA: LENGUA Y LITERATURA. 1. Idioma oficial. 2. Características del esloveno. 3. Orígenes y evolución histórica. 4. Literatura eslovena: principales etapas. 5. Escritores en lengua eslovena.</p>
