{"id":169,"date":"2018-05-18T12:42:44","date_gmt":"2018-05-18T12:42:44","guid":{"rendered":"http:\/\/www.bibliogonzalokorreas.com\/proyectoeuropa\/?page_id=169"},"modified":"2018-05-29T11:51:43","modified_gmt":"2018-05-29T11:51:43","slug":"eslovaquia","status":"publish","type":"page","link":"https:\/\/iesmgkorreas.com\/proyectoeuropa2024\/index.php\/eslovaquia\/","title":{"rendered":"Eslovaquia"},"content":{"rendered":"<h1><strong>Realizada por alumnos de ESO 3\u00ba A<br \/>\n<\/strong><\/h1>\n<p><span style=\"color: #800080;\">PROFESOR: Estrella<\/span><\/p>\n<p><span style=\"color: #800080;\">MATERIA: Iniciaci\u00f3n a la Actividad Emprendedora y Empresarial<br \/>\n<\/span><\/p>\n<p><span style=\"color: #000000;\">ACTIVIDAD: Ruta tur\u00edstica de Clara<\/span><\/p>\n<p><iframe loading=\"lazy\" id=\"iframe_container\" src=\"https:\/\/prezi.com\/embed\/oxqag4owbcs2\/?bgcolor=ffffff&amp;lock_to_path=0&amp;autoplay=0&amp;autohide_ctrls=0&amp;landing_data=bHVZZmNaNDBIWnNjdEVENDRhZDFNZGNIUE43MHdLNWpsdFJLb2ZHanI0amt2c2dZRlRoZG8wcUdrY1VxdlhjVytnPT0&amp;landing_sign=pXMUI1di8qVJodAK1JI0e4d64bXErwiSGM_VKsMYdlM\" width=\"550\" height=\"400\" frameborder=\"0\" allowfullscreen=\"allowfullscreen\"><\/iframe><\/p>\n<p>ACTIVIDAD: Producci\u00f3n a Autom\u00f3viles en Eslovaquia de Mohammed<\/p>\n<figure id=\"attachment_268\" aria-describedby=\"caption-attachment-268\" style=\"width: 160px\" class=\"wp-caption aligncenter\"><a href=\"http:\/\/www.bibliogonzalokorreas.com\/proyectoeuropa\/wp-content\/uploads\/2018\/05\/mohammed_kriate_eslovaquia.pdf\" target=\"_blank\" rel=\"noopener\"><img loading=\"lazy\" decoding=\"async\" class=\"wp-image-268 size-full\" src=\"http:\/\/www.bibliogonzalokorreas.com\/proyectoeuropa\/wp-content\/uploads\/2018\/05\/imgpdf.jpg\" alt=\"\" width=\"160\" height=\"150\" \/><\/a><figcaption id=\"caption-attachment-268\" class=\"wp-caption-text\">PRODUCCI\u00d3N DE AUTOM\u00d3VILES<br \/>EN ESLOVAQUIA<\/figcaption><\/figure>\n<p>ACTIVIDAD: Mi trabajo de taxista de Alba<\/p>\n<figure id=\"attachment_268\" aria-describedby=\"caption-attachment-268\" style=\"width: 160px\" class=\"wp-caption aligncenter\"><a href=\"http:\/\/www.bibliogonzalokorreas.com\/proyectoeuropa\/wp-content\/uploads\/2018\/05\/alba_rodriguez_eslovaquia.pdf\" target=\"_blank\" rel=\"noopener\"><img loading=\"lazy\" decoding=\"async\" class=\"wp-image-268 size-full\" src=\"http:\/\/www.bibliogonzalokorreas.com\/proyectoeuropa\/wp-content\/uploads\/2018\/05\/imgpdf.jpg\" alt=\"\" width=\"160\" height=\"150\" \/><\/a><figcaption id=\"caption-attachment-268\" class=\"wp-caption-text\">MI TRABAJO DE TAXISTA<\/figcaption><\/figure>\n<hr \/>\n<p>&nbsp;<\/p>\n","protected":false},"excerpt":{"rendered":"<p>Realizada por alumnos de ESO 3\u00ba A PROFESOR: Estrella MATERIA: Iniciaci\u00f3n a la Actividad Emprendedora y Empresarial ACTIVIDAD: Ruta tur\u00edstica de Clara ACTIVIDAD: Producci\u00f3n a Autom\u00f3viles en Eslovaquia de Mohammed ACTIVIDAD: Mi trabajo de taxista de Alba &nbsp;<\/p>\n","protected":false},"author":1,"featured_media":0,"parent":0,"menu_order":0,"comment_status":"closed","ping_status":"closed","template":"","meta":{"footnotes":""},"_links":{"self":[{"href":"https:\/\/iesmgkorreas.com\/proyectoeuropa2024\/index.php\/wp-json\/wp\/v2\/pages\/169"}],"collection":[{"href":"https:\/\/iesmgkorreas.com\/proyectoeuropa2024\/index.php\/wp-json\/wp\/v2\/pages"}],"about":[{"href":"https:\/\/iesmgkorreas.com\/proyectoeuropa2024\/index.php\/wp-json\/wp\/v2\/types\/page"}],"author":[{"embeddable":true,"href":"https:\/\/iesmgkorreas.com\/proyectoeuropa2024\/index.php\/wp-json\/wp\/v2\/users\/1"}],"replies":[{"embeddable":true,"href":"https:\/\/iesmgkorreas.com\/proyectoeuropa2024\/index.php\/wp-json\/wp\/v2\/comments?post=169"}],"version-history":[{"count":6,"href":"https:\/\/iesmgkorreas.com\/proyectoeuropa2024\/index.php\/wp-json\/wp\/v2\/pages\/169\/revisions"}],"predecessor-version":[{"id":413,"href":"https:\/\/iesmgkorreas.com\/proyectoeuropa2024\/index.php\/wp-json\/wp\/v2\/pages\/169\/revisions\/413"}],"wp:attachment":[{"href":"https:\/\/iesmgkorreas.com\/proyectoeuropa2024\/index.php\/wp-json\/wp\/v2\/media?parent=169"}],"curies":[{"name":"wp","href":"https:\/\/api.w.org\/{rel}","templated":true}]}}

<h1><strong>Realizada por alumnos de ESO 3º A<br />
</strong></h1>
<p><span style="color: #800080;">PROFESOR: Estrella</span></p>
<p><span style="color: #800080;">MATERIA: Iniciación a la Actividad Emprendedora y Empresarial<br />
</span></p>
<p><span style="color: #000000;">ACTIVIDAD: Ruta turística de Clara</span></p>
<p><iframe loading="lazy" id="iframe_container" src="https://prezi.com/embed/oxqag4owbcs2/?bgcolor=ffffff&amp;lock_to_path=0&amp;autoplay=0&amp;autohide_ctrls=0&amp;landing_data=bHVZZmNaNDBIWnNjdEVENDRhZDFNZGNIUE43MHdLNWpsdFJLb2ZHanI0amt2c2dZRlRoZG8wcUdrY1VxdlhjVytnPT0&amp;landing_sign=pXMUI1di8qVJodAK1JI0e4d64bXErwiSGM_VKsMYdlM" width="550" height="400" frameborder="0" allowfullscreen="allowfullscreen"></iframe></p>
<p>ACTIVIDAD: Producción a Automóviles en Eslovaquia de Mohammed</p>
<figure id="attachment_268" aria-describedby="caption-attachment-268" style="width: 160px" class="wp-caption aligncenter"><a href="http://www.bibliogonzalokorreas.com/proyectoeuropa/wp-content/uploads/2018/05/mohammed_kriate_eslovaquia.pdf" target="_blank" rel="noopener"><img loading="lazy" decoding="async" class="wp-image-268 size-full" src="http://www.bibliogonzalokorreas.com/proyectoeuropa/wp-content/uploads/2018/05/imgpdf.jpg" alt="" width="160" height="150" /></a><figcaption id="caption-attachment-268" class="wp-caption-text">PRODUCCIÓN DE AUTOMÓVILES<br />EN ESLOVAQUIA</figcaption></figure>
<p>ACTIVIDAD: Mi trabajo de taxista de Alba</p>
<figure id="attachment_268" aria-describedby="caption-attachment-268" style="width: 160px" class="wp-caption aligncenter"><a href="http://www.bibliogonzalokorreas.com/proyectoeuropa/wp-content/uploads/2018/05/alba_rodriguez_eslovaquia.pdf" target="_blank" rel="noopener"><img loading="lazy" decoding="async" class="wp-image-268 size-full" src="http://www.bibliogonzalokorreas.com/proyectoeuropa/wp-content/uploads/2018/05/imgpdf.jpg" alt="" width="160" height="150" /></a><figcaption id="caption-attachment-268" class="wp-caption-text">MI TRABAJO DE TAXISTA</figcaption></figure>
<hr />
<p>&nbsp;</p>

<p>Realizada por alumnos de ESO 3º A PROFESOR: Estrella MATERIA: Iniciación a la Actividad Emprendedora y Empresarial ACTIVIDAD: Ruta turística de Clara ACTIVIDAD: Producción a Automóviles en Eslovaquia de Mohammed ACTIVIDAD: Mi trabajo de taxista de Alba &nbsp;</p>
