{"id":11,"date":"2018-12-11T13:25:44","date_gmt":"2018-12-11T13:25:44","guid":{"rendered":"http:\/\/iesmgkorreas.com\/mujerinvisible\/?page_id=11"},"modified":"2018-12-20T11:02:50","modified_gmt":"2018-12-20T11:02:50","slug":"acerca-de","status":"publish","type":"page","link":"https:\/\/iesmgkorreas.com\/mujerinvisible2024\/index.php\/acerca-de\/","title":{"rendered":"Acerca de"},"content":{"rendered":"<p style=\"text-align: left;\"><strong>Qui\u00e9nes somos<\/strong><\/p>\n<p>Los responsables de este proyecto somos un grupo de profesores del IES Maestro Gonzalo Korreas, que decidieron elaborar con los alumnos una revista cuyo tema principal es la escasa relevancia que tiene, y ha tenido, la mujer en los diferentes programas de los planes de estudio. Por este motivo, el prop\u00f3sito final es publicar una revista con los resultados de las investigaciones realizadas por los alumnos en aquellas \u00e1reas que se han sumado al proyecto. Las materias participantes y los profesores responsables son los siguientes:<\/p>\n<ul>\n<li>Filosof\u00eda: Miguel San Miguel Martos<\/li>\n<li>Ingl\u00e9s: \u00d3scar Fern\u00e1ndez Arjona<\/li>\n<li>Lat\u00edn y cultura cl\u00e1sica:\u00a0 Juan Manuel Acquaroni vidal<\/li>\n<li>Lengua y literatura: Julia Villergas Puerto y Marta Fen\u00e1ndez L\u00f3pez<\/li>\n<li>M\u00fasica: Cristina Montero Merch\u00e1n y Eva Mar\u00eda Hern\u00e1ndez Reguero<\/li>\n<li>Portugu\u00e9s: Jos\u00e9 Mar\u00eda Dur\u00e1n G\u00f3mez<\/li>\n<\/ul>\n","protected":false},"excerpt":{"rendered":"<p>Qui\u00e9nes somos Los responsables de este proyecto somos un grupo de profesores del IES Maestro Gonzalo Korreas, que decidieron elaborar con los alumnos una revista cuyo tema principal es la escasa relevancia que tiene, y ha tenido, la mujer en los diferentes programas de los planes de estudio. Por este motivo, el prop\u00f3sito final es&hellip;<\/p>\n","protected":false},"author":1,"featured_media":0,"parent":0,"menu_order":0,"comment_status":"closed","ping_status":"closed","template":"","meta":{"footnotes":""},"_links":{"self":[{"href":"https:\/\/iesmgkorreas.com\/mujerinvisible2024\/index.php\/wp-json\/wp\/v2\/pages\/11"}],"collection":[{"href":"https:\/\/iesmgkorreas.com\/mujerinvisible2024\/index.php\/wp-json\/wp\/v2\/pages"}],"about":[{"href":"https:\/\/iesmgkorreas.com\/mujerinvisible2024\/index.php\/wp-json\/wp\/v2\/types\/page"}],"author":[{"embeddable":true,"href":"https:\/\/iesmgkorreas.com\/mujerinvisible2024\/index.php\/wp-json\/wp\/v2\/users\/1"}],"replies":[{"embeddable":true,"href":"https:\/\/iesmgkorreas.com\/mujerinvisible2024\/index.php\/wp-json\/wp\/v2\/comments?post=11"}],"version-history":[{"count":3,"href":"https:\/\/iesmgkorreas.com\/mujerinvisible2024\/index.php\/wp-json\/wp\/v2\/pages\/11\/revisions"}],"predecessor-version":[{"id":109,"href":"https:\/\/iesmgkorreas.com\/mujerinvisible2024\/index.php\/wp-json\/wp\/v2\/pages\/11\/revisions\/109"}],"wp:attachment":[{"href":"https:\/\/iesmgkorreas.com\/mujerinvisible2024\/index.php\/wp-json\/wp\/v2\/media?parent=11"}],"curies":[{"name":"wp","href":"https:\/\/api.w.org\/{rel}","templated":true}]}}

<p style="text-align: left;"><strong>Quiénes somos</strong></p>
<p>Los responsables de este proyecto somos un grupo de profesores del IES Maestro Gonzalo Korreas, que decidieron elaborar con los alumnos una revista cuyo tema principal es la escasa relevancia que tiene, y ha tenido, la mujer en los diferentes programas de los planes de estudio. Por este motivo, el propósito final es publicar una revista con los resultados de las investigaciones realizadas por los alumnos en aquellas áreas que se han sumado al proyecto. Las materias participantes y los profesores responsables son los siguientes:</p>
<ul>
<li>Filosofía: Miguel San Miguel Martos</li>
<li>Inglés: Óscar Fernández Arjona</li>
<li>Latín y cultura clásica:  Juan Manuel Acquaroni vidal</li>
<li>Lengua y literatura: Julia Villergas Puerto y Marta Fenández López</li>
<li>Música: Cristina Montero Merchán y Eva María Hernández Reguero</li>
<li>Portugués: José María Durán Gómez</li>
</ul>

<p>Quiénes somos Los responsables de este proyecto somos un grupo de profesores del IES Maestro Gonzalo Korreas, que decidieron elaborar con los alumnos una revista cuyo tema principal es la escasa relevancia que tiene, y ha tenido, la mujer en los diferentes programas de los planes de estudio. Por este motivo, el propósito final es&hellip;</p>
